759. What is the tens digit of y?
0
Let n = -270 - -148. Let t = -195 - n. Let u = 159 + t. What is the tens digit of u?
8
Suppose -4566 + 16806 = 24*m. Suppose 13*o - 19*o = -m. What is the tens digit of o?
8
Let w(n) be the third derivative of -n**6/40 - 3*n**5/10 - 7*n**4/12 - 11*n**3/3 + 23*n**2 + n. What is the tens digit of w(-7)?
2
Let b = -273 - -285. What is the hundreds digit of (b/15)/((-8)/(-7120))?
7
Suppose 4*u + 3*f = 3, -7*u + 12 = -2*u + f. Suppose 5*p = r - 201, -4*r = -u*p - 2*p - 819. What is the tens digit of r?
0
Let a(h) = h - 1. Let g be a(-8). Let c(r) be the first derivative of r**4/4 + 10*r**3/3 + 2*r**2 - 20*r + 191. What is the units digit of c(g)?
5
Let p = -25737 + 48154. What is the ten thousands digit of p?
2
Let q(h) = h**3 + 5*h**2 + h - 8. Let j be q(-4). Suppose -k + 93 = j*w + 2*k, -91 = -4*w - 5*k. Suppose 13*g - w = 7*g. What is the units digit of g?
4
Suppose 4*i = k + i - 23, -3*k - 4*i = -121. Suppose k*l - 15543 - 3112 = 0. What is the tens digit of l?
3
Suppose 8 = 4*o, -4*o = 47*r - 42*r - 19468. What is the tens digit of r?
9
Suppose 315904 = -208*v + 272*v. What is the hundreds digit of v?
9
Let s = -11710 + 28395. What is the units digit of s?
5
Let b(d) = 890*d + 5764. What is the tens digit of b(7)?
9
Suppose 4*h + 48652 = 2*d, 0 = d + 1342*h - 1345*h - 24328. What is the ten thousands digit of d?
2
Suppose -4*v - 44 = -3*m, 5*m - 108 = -0*m - 2*v. Suppose -o = -6*o + m. Suppose -6 = -o*r + 50. What is the units digit of r?
4
Let u(t) = t**2 + 7*t + 7. Let j be u(-6). Let b(o) = 11*o - o**2 + o**3 + j - 1 + 0*o**2 - 1. What is the tens digit of b(4)?
9
Suppose 19650 = -2318*k + 2320*k. What is the hundreds digit of k?
8
Let k(l) = 827*l - 294. What is the hundreds digit of k(11)?
8
Suppose 52*q - 8822 - 694 = 0. Suppose 172*l + 16610 = q*l. What is the tens digit of l?
1
What is the units digit of -2 - 1 - (-43341 + (7 - 21))?
2
Suppose 5*w = 4*y - 713, 4*w - 663 = -4*y - w. Suppose b + 3*r = -55, -5*r - 93 - y = 5*b. Let q = 64 + b. What is the tens digit of q?
1
Suppose -105471 = -3*w + r, -5*r = -5*w + 62519 + 113276. What is the ten thousands digit of w?
3
Suppose 50046 = 13*b + 4091 - 55120. What is the tens digit of b?
7
Suppose -3*c = 3*i - 21, -4*i - 2*c + c = -37. What is the units digit of (-3490)/15*(-15)/i?
9
Let s = 2717 - 1693. Suppose 19*y - 13184 = -s. What is the units digit of y?
0
Suppose 7*y = -639 + 240. Let r = 297 - y. What is the units digit of r?
4
Suppose 64973 = 32*n - 32147. What is the units digit of n?
5
Let k = -20911 + 41175. What is the units digit of k?
4
Suppose -5*x - 31 = 3*b, 2*x = -b - 0*b - 11. Let t(c) = -2*c**3 - 8*c**2 - 15*c + 10. What is the units digit of t(b)?
9
Suppose -44*s + 248*s = 2195652. What is the hundreds digit of s?
7
Let q be (-87)/(-17) - (-2)/(-17). Suppose -5*p - 85 = 4*n + 98, 234 = -q*n - p. Let y = 8 - n. What is the units digit of y?
5
Let l(r) = -r**3 + 7*r**2 - 15*r + 7. Let s(j) = -4 - 6*j**2 + 26*j + 4*j + j**3 - 15*j - 2. Let f(h) = -5*l(h) - 4*s(h). What is the tens digit of f(10)?
3
Suppose -1750 = 3*d - 10207. Let x = 3970 - d. Suppose 0 = 4*h - x + 107. What is the hundreds digit of h?
2
Let b(r) = r**2 + 16*r - 5. Let h be b(-14). What is the units digit of (-9)/(-2)*(-22)/h + 219?
2
Let w(b) = -b**2 - 17*b + 40. Let c be w(-24). Let f = c - -148. What is the units digit of f?
0
Suppose -1307*u = -1283*u - 663240. What is the thousands digit of u?
7
Suppose 0 = 3*n - q - 4069 - 7046, -5*q + 14820 = 4*n. What is the thousands digit of n?
3
Let g = -8 + 12. Suppose -6*z = -6798 + 6858. What is the units digit of z*(0 - 6/g)?
5
Let d = 37129 - 24247. What is the hundreds digit of d?
8
Let o(r) be the second derivative of 11*r**5/12 + 5*r**3/6 + 15*r**2 - 7*r. Let t(b) be the first derivative of o(b). What is the hundreds digit of t(2)?
2
Let q(g) = -1475*g - 14. What is the units digit of q(-1)?
1
Let c = 670 + -529. Suppose -303 = 3*k - 966. Let t = k - c. What is the tens digit of t?
8
Suppose 2*m - 4*v = -4 + 20, -4*v - 2 = 5*m. Suppose 0 = 2*u + c - 1795, 4725 - 235 = 5*u + m*c. What is the tens digit of u?
0
Let k(d) = -d**3 + 4*d**2 + 3*d - 5. Let y be k(4). Let w(x) = x**2 + 4*x - 8. Let n be w(-6). Suppose -n*u - y = -339. What is the units digit of u?
3
Suppose 186*r - 1557669 - 364851 = 66*r. What is the thousands digit of r?
6
Suppose -94*f + 105*f = 3102. Let c = -141 + f. What is the tens digit of c?
4
What is the ten thousands digit of ((-8224432)/276)/((-8)/6) - -10?
2
Suppose k - 2*k - 83 = -4*i, 5*i + 5*k = 110. Let l = 2 + i. What is the tens digit of l?
2
What is the units digit of 5*(46098/65)/18?
7
Suppose 26*y = y + 157050. Suppose 0 = -9*r + y + 6444. What is the thousands digit of r?
1
Suppose -f + 2*t = 5*t - 14, -34 = -5*f - 3*t. Let a(s) = 22*s**2 - 36*s + 8. What is the hundreds digit of a(f)?
3
Let l(h) = 5*h - 49. Let t be l(9). What is the hundreds digit of 338/t*(-4 + 16)/(-2)?
5
Suppose 0 = 3*o - 36*u + 32*u, 2*u = 5*o. Suppose 2056 = 3*c + 2*n, o = -4*c + 3*n - 790 + 3537. What is the tens digit of c?
8
Let u(i) = -21 + 13 - 15 + 2*i**2 - i**3 + 10*i - 4*i. Let q(p) = p**2 + 1. Let c(b) = -3*q(b) - u(b). What is the tens digit of c(7)?
7
What is the units digit of 191799/36 - 7/4 - -2?
8
Let z = 165 - 185. Let f(m) = -64*m + 137. What is the tens digit of f(z)?
1
Suppose -t + 5*t = 16. Let w be 5 + (3 + -2 - t) + 3. Suppose -2*n + 196 = 2*a, -3*n - 102 - 348 = -w*a. What is the units digit of a?
3
Let a(d) be the second derivative of -361*d**5/20 + d**4/12 + 34*d. Let p be a(1). Let s = 553 + p. What is the hundreds digit of s?
1
Suppose 280*v - 302*v + 1452484 = 0. What is the hundreds digit of v?
0
Suppose -91*k - 3*k + 1055317 = 218153. What is the units digit of k?
6
Suppose -3*i = 9 - 27. Suppose -7*x - i = -20. Suppose -3*j + 259 = 2*u, 10 = x*u + 3*u. What is the tens digit of j?
8
Suppose 4702*p = 4701*p - 5*a + 7997, -3*a = 2*p - 15973. What is the hundreds digit of p?
9
Let v = -4848 + 13437. What is the thousands digit of v?
8
Let k(b) = -b**3 + 24*b**2 - 11*b - 44. What is the units digit of k(18)?
2
Suppose 14*h - 18*h - 548 = 0. Let d = h + 209. What is the units digit of d?
2
Suppose -24 = 3*u - 24. Let i be (40/(-15))/(-8)*(15 - u). What is the tens digit of (4 - i) + 1 - (-218)/2?
0
Let t(d) = 59*d**2 - d. Let w be t(1). Suppose -3*k + w = -239. Suppose -4*j + 90 = c, c + 0*j = -j + k. What is the units digit of c?
2
Let o be 120/6 - (-1 + 5). Suppose 0 = 5*y + 2*p - o, -3*y - 3*p + 5*p = 0. What is the tens digit of (y - 60/27) + (-1630)/(-45)?
3
Let w(k) = 46*k**2 - 35*k + 76. What is the tens digit of w(-18)?
1
What is the hundreds digit of (1036/(-21))/(6/(-2286))?
7
Suppose 4*c + 32771 = p, p - 13546 = -c + 19220. What is the units digit of p?
7
Suppose -g = -4*c + 30101, 0 = -113*c + 121*c - g - 60197. What is the thousands digit of c?
7
Let w = 85747 - 60295. What is the thousands digit of w?
5
Let l(g) be the second derivative of -31*g**3/6 + 148*g**2 - 2*g - 247. What is the hundreds digit of l(-30)?
2
Let n = -28 + 32. Suppose -5*p = c - 12, p - 6*p = -n*c - 2. Let j(s) = 52*s - 5. What is the units digit of j(c)?
9
Let z(k) = 880*k**2 + 12*k - 37. What is the thousands digit of z(-4)?
3
Suppose 0 = 3*m - m + 4, -4*m = 4*a - 41124. Suppose -a = -16*y + 2709. What is the hundreds digit of y?
8
Let y be (1 + 0)/((-44)/(-176)). Suppose -i + 1435 = 5*v, 0 = v - 2*i - 294 - y. What is the units digit of v?
8
Suppose 0 = n + 8 - 9. What is the units digit of 10/n + 0 + 1?
1
Let k(h) be the third derivative of -14*h**2 - 1/3*h**3 + 1/24*h**4 + 7/15*h**5 + 0*h + 0. What is the units digit of k(1)?
7
What is the thousands digit of (-1)/(15/(-2)) - 71754/(-270)*21?
5
Let t be 88/(-14) + ((-15)/21 - -1). Let b(z) = -3*z - 12. Let h be b(t). Suppose 10 = 4*f - h. What is the units digit of f?
4
Let n = -13342 + 18658. What is the thousands digit of n?
5
Suppose -13*t - 1091 = -14*t - 4*m, -4*t + 4343 = -5*m. What is the units digit of t?
7
Let p = 54874 + -33857. What is the thousands digit of p?
1
Let r be 0*(-1 - 6/(-4)). Suppose r*h - 12*h = -1932. What is the units digit of h?
1
Suppose -72*q = 29*q + 26*q - 1294511. What is the units digit of q?
3
Suppose -10*r + 